{"id":210,"date":"2022-01-31T20:43:25","date_gmt":"2022-01-31T20:43:25","guid":{"rendered":"https:\/\/www.kita-dammbach.de\/?page_id=210"},"modified":"2026-01-22T10:00:38","modified_gmt":"2026-01-22T10:00:38","slug":"offene-stellen","status":"publish","type":"page","link":"https:\/\/www.kita-dammbach.de\/index.php\/offene-stellen\/","title":{"rendered":"Offene Stellen"},"content":{"rendered":"\n<p>Der Kindergarten \u00bbSt. Martin\u00ab e.V. in Dammbach sucht zum n\u00e4chstm\u00f6glichen Zeitpunkt <\/p>\n\n\n\n<p><\/p>\n\n\n\n<figure class=\"wp-block-image size-full\"><img loading=\"lazy\" decoding=\"async\" width=\"324\" height=\"161\" src=\"https:\/\/www.kita-dammbach.de\/wp-content\/uploads\/2026\/01\/bild-homepage.webp\" alt=\"\" class=\"wp-image-971\" srcset=\"https:\/\/www.kita-dammbach.de\/wp-content\/uploads\/2026\/01\/bild-homepage.webp 324w, https:\/\/www.kita-dammbach.de\/wp-content\/uploads\/2026\/01\/bild-homepage-300x149.webp 300w\" sizes=\"auto, (max-width: 324px) 100vw, 324px\" \/><\/figure>\n\n\n\n<p><\/p>\n\n\n\n<hr class=\"wp-block-separator has-css-opacity\"\/>\n\n\n\n<p>In unserem Kindergarten sind derzeit knapp 100 Kinder im Alter von 1 \u2013 6 Jahren. Die Kinder werden in drei Kindergartengruppe betreut, davon wird eine als Naturgruppe gef\u00fchrt. Dar\u00fcber hinaus geh\u00f6ren zwei Krippengruppe zu unserer Einrichtung.<\/p>\n\n\n\n<p>Sie haben die M\u00f6glichkeit in verschiedenen Arbeitsfeldern t\u00e4tig zu werden und uns im erzieherischen Alltag zu unterst\u00fctzen. Dabei werden Sie von erfahrenen Erzieherinnen begleitet.<\/p>\n\n\n\n<p>Wir konnten bereits als Einrichtung erfolgreich eine Assistenzkraft begleiten und einstellen. Diese ist mittlerweile unbefristet bei uns eingestellt.<\/p>\n\n\n\n<p>Wir erwarten Einsatzfreude, Flexibilit\u00e4t und Interesse am erzieherischen Alltag.<\/p>\n\n\n\n<p>Wir bieten eine Bezahlung entsprechend der Empfehlung.<\/p>\n\n\n\n<p><strong>Informationen unter 06092\/1014 <\/strong><\/p>\n\n\n\n<p>Wenn wir Ihr Interesse geweckt haben, senden Sie bitte Ihre aussagekr\u00e4ftige Bewerbung an:<\/p>\n\n\n\n<p><strong>Caritas Kindergarten \u00bbSt. Martin\u00ab e.V.<\/strong><\/p>\n\n\n\n<p><strong>Wintersbacherstra\u00dfe 68a<\/strong><\/p>\n\n\n\n<p><strong>63874 Dammbach<\/strong> oder<\/p>\n\n\n\n<p><a href=\"mailto:info@kita-dammbach.de\"><strong>info@kita-dammbach.de<\/strong><\/a><\/p>\n\n\n\n<p><strong>Wir freuen uns auf Ihre Bewerbung!<\/strong><\/p>\n\n\n\n<p><\/p>\n\n\n\n<p><\/p>\n\n\n\n<p><\/p>\n\n\n\n<p><em>Schule fertig? Und jetzt?!<br><\/em>Der Kindergarten \u00bbSt. Martin\u00ab e.V. in Dammbach sucht ab September einen<br>Bundesfreiwilligendienstler\/in<\/p>\n\n\n\n<p><br>Du m\u00f6chtest:<br>\uf0b7 &#8211; nach der Schule \/ Studium praktisch t\u00e4tig sein<br>\uf0b7 &#8211; den Zeitraum bis zum Studien- oder Ausbildungsbeginn sinnvoll<br>\u00fcberbr\u00fccken<br>\uf0b7 &#8211; neue T\u00e4tigkeitsfelder kennenlernen, weil du dich noch nicht endg\u00fcltig<br>entschieden hast<br><\/p>\n\n\n\n<p>Wir bieten:<br>\uf0b7 &#8211; P\u00e4dagogische Begleitung<br>\uf0b7 &#8211; beruflichen Orientierung (Einblick in soziale Arbeitsfelder der KiTa)<br>\uf0b7 &#8211; pers\u00f6nlichen Weiterentwicklung (soziale Kompetenzen und<br>Verantwortungsbewusstsein)<br>\uf0b7 &#8211; Berufsvorbereitung (i.d.R. Vollzeit f\u00fcr mind. 6 Monate und max. 2 Jahre)<br>\uf0b7 &#8211; finanziellen Unabh\u00e4ngigkeit (Ausbezahlung eines Taschengeldes)<\/p>\n\n\n\n<p><br>Weitere Informationen unter https:\/\/www.bundesfreiwilligendienst.de\/<\/p>\n\n\n\n<p><br>Wenn wir Ihr Interesse geweckt haben, senden Sie bitte Ihre aussagekr\u00e4ftige Bewerbung an:<br><strong>Caritas Kindergarten \u00bbSt. Martin\u00ab e.V.<br>Wintersbacherstra\u00dfe 68a<br>63874 Dammbach<br>info@kita-dammbach.de<br>Informationen unter 0 60 92\/10 14<\/strong><\/p>\n\n\n\n<p><\/p>\n","protected":false},"excerpt":{"rendered":"<p>Der Kindergarten \u00bbSt. Martin\u00ab e.V. in Dammbach sucht zum n\u00e4chstm\u00f6glichen Zeitpunkt In unserem Kindergarten sind derzeit knapp 100 Kinder im Alter von 1 \u2013 6 Jahren. Die Kinder werden in drei Kindergartengruppe betreut, davon wird eine als Naturgruppe gef\u00fchrt. Dar\u00fcber hinaus geh\u00f6ren zwei Krippengruppe zu unserer Einrichtung. Sie haben die M\u00f6glichkeit in verschiedenen Arbeitsfeldern t\u00e4tig&#8230;<\/p>\n","protected":false},"author":1,"featured_media":0,"parent":0,"menu_order":0,"comment_status":"closed","ping_status":"closed","template":"","meta":{"footnotes":""},"class_list":["post-210","page","type-page","status-publish","hentry"],"_links":{"self":[{"href":"https:\/\/www.kita-dammbach.de\/index.php\/wp-json\/wp\/v2\/pages\/210","targetHints":{"allow":["GET"]}}],"collection":[{"href":"https:\/\/www.kita-dammbach.de\/index.php\/wp-json\/wp\/v2\/pages"}],"about":[{"href":"https:\/\/www.kita-dammbach.de\/index.php\/wp-json\/wp\/v2\/types\/page"}],"author":[{"embeddable":true,"href":"https:\/\/www.kita-dammbach.de\/index.php\/wp-json\/wp\/v2\/users\/1"}],"replies":[{"embeddable":true,"href":"https:\/\/www.kita-dammbach.de\/index.php\/wp-json\/wp\/v2\/comments?post=210"}],"version-history":[{"count":24,"href":"https:\/\/www.kita-dammbach.de\/index.php\/wp-json\/wp\/v2\/pages\/210\/revisions"}],"predecessor-version":[{"id":970,"href":"https:\/\/www.kita-dammbach.de\/index.php\/wp-json\/wp\/v2\/pages\/210\/revisions\/970"}],"wp:attachment":[{"href":"https:\/\/www.kita-dammbach.de\/index.php\/wp-json\/wp\/v2\/media?parent=210"}],"curies":[{"name":"wp","href":"https:\/\/api.w.org\/{rel}","templated":true}]}}