{"id":224,"date":"2022-01-31T20:47:48","date_gmt":"2022-01-31T20:47:48","guid":{"rendered":"https:\/\/www.kita-dammbach.de\/?page_id=224"},"modified":"2023-03-17T10:20:14","modified_gmt":"2023-03-17T10:20:14","slug":"elternbeirat","status":"publish","type":"page","link":"https:\/\/www.kita-dammbach.de\/index.php\/elternbeirat\/","title":{"rendered":"Elternbeirat"},"content":{"rendered":"\n<p>Der Elternbeirat ist in erster Linie Ansprechpartner f\u00fcr Eltern, Gro\u00dfeltern und das Team der Kindertagesst\u00e4tte. Wir stehen bei Fragen und Problemen als Vermittler zur Verf\u00fcgung. Au\u00dferdem nehmen wir jederzeit W\u00fcnsche, Lob, Anregungen und Kritik entgegen. Eine weitere wichtige Aufgabe ist das Vorbereiten und Organisieren von Festen, Projekten und repr\u00e4sentativen Veranstaltungen, wie z.B. St. Martin oder das Fr\u00fchlingsfest. Wir als Elternbeirat haben im Jahr 2018 einen Kleiderbasar als neue Aktion mit Erfolg eingef\u00fchrt und organisiert. Dieser soll ein fester Bestandteil unserer Arbeit bleiben. Der Erl\u00f6s dieser Feste und Aktionen kommt stets unseren Kindern und der Einrichtung zu Gute. In regelm\u00e4\u00dfigen Elternbeiratssitzungen besprechen wir die aktuellen Themen und verteilen die anfallenden Aufgaben untereinander. Bei den offiziellen Sitzungen ist ein Vertreter der Kindertageseinrichtung anwesend. Die Einladung mit den Tagesordnungspunkten werden im Vorfeld in den Einrichtungsbereichen ausgeh\u00e4ngt.<\/p>\n\n\n\n<p><strong>Unsere Aufgaben im \u00dcberblick:<\/strong><br>&#8211; Mithilfe bei Organisation von Festen und Veranstaltungen u. Ausfl\u00fcgen<br>&#8211; Mithilfe bei der Gartengestaltung und -pflege<br>&#8211; Weiterentwicklung der Konzeption in Zusammenarbeit mit dem p\u00e4dagogischen Fachpersonal<br>&#8211; Besprechung von Anregungen seitens der Eltern<br>&#8211; Beratung mit dem Tr\u00e4ger und den Erziehern bei wichtigen Entscheidungen des Kindergartens (z.B. Abholzeiten, Schlie\u00dfzeiten)<br>&#8211; Mitentwicklung von neuen Ideen<br><\/p>\n\n\n\n<p><strong>Wir freuen uns \u00fcber jede helfende Hand:<\/strong><br>&#8211; Pl\u00e4tzchen- und Kuchenspende <br>&#8211; Sachspenden<br>&#8211; Zeit, um uns beim Auf- und Abbau und w\u00e4hrend den Festen zu unterst\u00fctzen<br>&#8211; Unterst\u00fctzung bei Gartenaktionen<\/p>\n\n\n\n<p>\u00dcber das Kontaktformular k\u00f6nnen Sie uns gerne kontaktieren.<\/p>\n\n\n\n<p><br>(verfasst vom Elternbeirat 2018\/2019)<\/p>\n","protected":false},"excerpt":{"rendered":"<p>Der Elternbeirat ist in erster Linie Ansprechpartner f\u00fcr Eltern, Gro\u00dfeltern und das Team der Kindertagesst\u00e4tte. Wir stehen bei Fragen und Problemen als Vermittler zur Verf\u00fcgung. Au\u00dferdem nehmen wir jederzeit W\u00fcnsche, Lob, Anregungen und Kritik entgegen. Eine weitere wichtige Aufgabe ist das Vorbereiten und Organisieren von Festen, Projekten und repr\u00e4sentativen Veranstaltungen, wie z.B. St. Martin oder&#8230;<\/p>\n","protected":false},"author":1,"featured_media":0,"parent":0,"menu_order":0,"comment_status":"closed","ping_status":"closed","template":"","meta":{"footnotes":""},"class_list":["post-224","page","type-page","status-publish","hentry"],"_links":{"self":[{"href":"https:\/\/www.kita-dammbach.de\/index.php\/wp-json\/wp\/v2\/pages\/224","targetHints":{"allow":["GET"]}}],"collection":[{"href":"https:\/\/www.kita-dammbach.de\/index.php\/wp-json\/wp\/v2\/pages"}],"about":[{"href":"https:\/\/www.kita-dammbach.de\/index.php\/wp-json\/wp\/v2\/types\/page"}],"author":[{"embeddable":true,"href":"https:\/\/www.kita-dammbach.de\/index.php\/wp-json\/wp\/v2\/users\/1"}],"replies":[{"embeddable":true,"href":"https:\/\/www.kita-dammbach.de\/index.php\/wp-json\/wp\/v2\/comments?post=224"}],"version-history":[{"count":4,"href":"https:\/\/www.kita-dammbach.de\/index.php\/wp-json\/wp\/v2\/pages\/224\/revisions"}],"predecessor-version":[{"id":283,"href":"https:\/\/www.kita-dammbach.de\/index.php\/wp-json\/wp\/v2\/pages\/224\/revisions\/283"}],"wp:attachment":[{"href":"https:\/\/www.kita-dammbach.de\/index.php\/wp-json\/wp\/v2\/media?parent=224"}],"curies":[{"name":"wp","href":"https:\/\/api.w.org\/{rel}","templated":true}]}}